 - 764. What is m(-55)?
-49
Let g(m) = 14*m**2 + 224*m - 26. What is g(-15)?
-236
Let w(t) = -24*t + 191. Determine w(18).
-241
Let p(h) = 2*h**2 + 51*h - 21. Calculate p(-25).
-46
Let l(y) = -y**3 - 2*y**2 + 34*y - 3. Determine l(0).
-3
Let d(u) = -1367*u + 8164. Calculate d(6).
-38
Let m(x) = 33*x + 421. Calculate m(-15).
-74
Let y(z) = -z**3 + 39*z**2 - 226*z + 59. Determine y(32).
-5
Let f(t) = 93*t - 3629. Calculate f(39).
-2
Let h(d) = d**3 - 21*d**2 + 15*d + 22. Calculate h(20).
-78
Let r(z) = -z**3 - 6*z**2 + 17*z + 58. Calculate r(-7).
-12
Let t(p) = p**3 + 37*p**2 - 6*p - 208. Determine t(-37).
14
Let k(q) = q**2 + 169*q - 868. Determine k(5).
2
Let s(f) = 66*f + 584. Calculate s(-8).
56
Let x(d) = 1334*d + 169423. Give x(-127).
5
Let p(t) = -t**2 + 215*t - 648. Calculate p(3).
-12
Let p(q) = -54*q - 599. Determine p(-7).
-221
Let r(v) = -130*v - 643. Determine r(-5).
7
Let v(r) = r**3 + 17*r**2 + 4*r + 824. What is v(-19)?
26
Let d(i) = -3*i**2 + 2*i + 18. Determine d(-12).
-438
Let y(q) = 2*q**3 - 52*q**2 - 118*q + 172. What is y(28)?
4
Let u(p) = -12*p + 25. What is u(-19)?
253
Let b(z) = -9*z - 530. What is b(-65)?
55
Let i(a) = -3*a**3 + 13*a**2 - 5*a + 8. Give i(3).
29
Let g(u) = u**2 - 13*u - 27. Determine g(19).
87
Let o(k) = -39*k**2 + 237*k - 10. Determine o(6).
8
Let i(c) = -2*c**3 - c**2 + 7*c - 47. What is i(0)?
-47
Let k(h) = -7*h**3 + 41*h**2 - 78*h + 60. Determine k(3).
6
Let i(d) = 522*d - 1553. Determine i(3).
13
Let q(v) = 74*v + 36. What is q(3)?
258
Let a(x) = -x**2 + x - 3. Calculate a(15).
-213
Let x(p) = -4214*p - 189627. What is x(-45)?
3
Let x(j) = j**2 - 115*j + 767. Calculate x(7).
11
Let q(a) = -27*a**2 - 347*a + 356. Calculate q(1).
-18
Let p(r) = -r**3 + 75*r**2 + 166*r - 6817. Determine p(76).
23
Let q(m) = 2*m**2 - 402*m - 2504. Give q(207).
-20
Let t(y) = -y**3 - 10*y**2 - 21*y - 369. What is t(-11)?
-17
Let n(a) = -101*a + 370. Determine n(4).
-34
Let w(z) = 434*z - 13016. What is w(30)?
4
Let z(t) = -505*t + 29290. Give z(58).
0
Let y(w) = -w**3 + 89*w**2 - 575*w + 42. Determine y(82).
-40
Let p(r) = -30*r - 373. Give p(-11).
-43
Let a(r) = -2*r**3 - 366*r**2 - 1429*r + 532. What is a(-179)?
-5
Let w(q) = 2*q**3 - 16*q**2 + 3*q - 22. What is w(7)?
-99
Let c(r) = 4*r**2 - 14*r - 61. Calculate c(6).
-1
Let p(d) = -5*d**2 - 204*d - 1403. Calculate p(-32).
5
Let i(s) = s**2 - 11*s - 12. Determine i(6).
-42
Let t(m) = -m**2 + 51*m - 409. What is t(10)?
1
Let a(g) = 89*g + 5. Determine a(-3).
-262
Let f(i) = 3*i**2 + 154*i + 1122. Calculate f(-7).
191
Let o(s) = -9*s**2 - 41*s - 130. Give o(-5).
-150
Let y(h) = -4*h**3 - 23*h**2 - 7*h - 17. Give y(-4).
-101
Let o(m) = -m**3 + 6*m**2 - 11*m + 40. Give o(6).
-26
Let k(c) = 27*c + 523. Determine k(-17).
64
Let y(m) = -m**3 + 252*m**2 + 1017*m + 1832. What is y(256)?
40
Let f(w) = 2*w**3 - 46*w**2 - 17*w + 378. Calculate f(23).
-13
Let w(z) = z**3 + 5*z**2 - z - 7. What is w(-3)?
14
Let j(c) = 298*c - 39034. What is j(131)?
4
Let z(h) = -418*h + 420. Determine z(1).
2
Let n(j) = -37*j - 191. What is n(-6)?
31
Let q(m) = -7*m**2 - 136*m - 20. Determine q(-20).
-100
Let z(n) = 12*n - 184. Calculate z(17).
20
Let l(t) = -49*t**2 - 10*t - 12. Give l(3).
-483
Let a(y) = y**3 - 29*y**2 + 116*y - 406. Determine a(25).
-6
Let u(z) = 2857*z - 14276. Calculate u(5).
9
Let r(k) = 6*k**2 - 39*k - 215. What is r(10)?
-5
Let h(j) = 40*j + 12. What is h(8)?
332
Let m(v) = v**3 - 9*v**2 + 15*v + 5. Determine m(6).
-13
Let k(o) = -19*o**3 - 170*o**2 + 10*o + 15. Determine k(-9).
6
Let r(i) = -20*i - 367. Determine r(-20).
33
Let v(i) = -2*i**3 + 26*i**2 + 43*i - 212. Calculate v(14).
-2
Let r(o) = o**3 + 7*o**2 - 1314*o - 6605. What is r(-5)?
15
Let u(p) = -16*p**2 + 84*p - 87. Determine u(4).
-7
Let u(v) = -2*v**3 - 33*v**2 + 21*v + 70. What is u(-17)?
2
Let t(i) = i**3 + 15*i**2 + 18*i + 40. What is t(-11)?
326
Let l(k) = k**3 + 27*k**2 - 6*k - 167. Calculate l(-27).
-5
Let z(g) = 11943*g - 59708. Calculate z(5).
7
Let j(v) = -v**3 - 10*v**2 + 11*v - 29. Calculate j(-9).
-209
Let j(g) = 29*g - 1741. What is j(60)?
-1
Let k(g) = g**3 - 12*g**2 - 30*g + 368. Determine k(6).
-28
Let v(i) = -i - 12. What is v(-8)?
-4
Let y(x) = -22*x**3 + 145*x**2 - 57*x - 123. Determine y(6).
3
Let i(a) = 551*a - 2189. What is i(4)?
15
Let f(d) = 5*d + 80. Calculate f(-14).
10
Let h(l) = 45*l + 95. What is h(-7)?
-220
Let o(y) = -51*y - 32. Determine o(-3).
121
Let v(k) = 12*k + 46. Give v(13).
202
Let k(m) = 3*m - 83. Give k(20).
-23
Let w(i) = -78*i + 7874. Give w(101).
-4
Let k(z) = 277*z - 2208. Give k(8).
8
Let p(x) = 21*x + 2176. What is p(-104)?
-8
Let v(k) = -3*k**3 - 254*k**2 + 89*k + 326. What is v(-85)?
-14
Let q(n) = 176*n + 7196. Calculate q(-41).
-20
Let w(q) = -q**2 + 140*q - 3892. Determine w(101).
47
Let n(m) = -86*m**3 - 12*m**2 + 22*m - 10. Give n(1).
-86
Let g(p) = -156*p + 5006. Give g(32).
14
Let g(h) = -h**3 + h**2 - 203*h + 1375. Determine g(6).
-23
Let s(k) = -4*k**3 - 25*k**2 - 12*k - 43. What is s(-8)?
501
Let b(w) = w**3 + 12*w**2 + 24*w - 35. Give b(-5).
20
Let x(r) = 1343*r + 1357. What is x(-1)?
14
Let u(x) = 15*x + 110. Give u(4).
170
Let c(z) = -z**3 + 22*z**2 + 3*z + 4. Give c(22).
70
Let o(j) = 168*j - 735. What is o(5)?
105
Let l(x) = 19*x - 792. Determine l(42).
6
Let c(x) = -4*x**3 - 157*x**2 - 36*x + 121. What is c(-39)?
4
Let q(m) = -13*m + 67. What is q(22)?
-219
Let r(u) = -u**2 + 73*u - 1347. Determine r(35).
-17
Let b(w) = -w**3 + 22*w**2 - 17*w - 8. Determine b(21).
76
Let o(s) = s**3 - 8*s**2 - 11*s + 1. Determine o(-2).
-17
Let p(g) = -g**3 - 111*g**2 + 340*g - 224. Calculate p(-114).
4
Let a(s) = 2*s**3 - 14*s**2 + 39*s + 6. Determine a(5).
101
Let n(s) = s**3 + 9*s**2 - 139*s - 6. What is n(8)?
-30
Let x(m) = -6*m**2 + 3*m - 16. What is x(6)?
-214
Let m(f) = -2*f**2 + 50*f + 19. Give m(30).
-281
Let k(a) = 1676*a + 20103. Determine k(-12).
-9
Let s(u) = u**3 + 79*u**2 + 232*u + 313. Determine s(-76).
9
Let d(z) = 253*z + 4063. Determine d(-16).
15
Let c(g) = 37*g**3 - 2*g**2 + g. Calculate c(1).
36
Let m(f) = -f**3 - 15*f**2 - 44*f + 85. Give m(-8).
-11
Let p(b) = -33*b + 821. What is p(0)?
821
Let r(m) = 2*m**2 - 143*m - 372. What is r(74)?
-2
Let l(o) = 9*o - 130. Calculate l(19).
41
Let d(b) = -164*b - 569. Determine d(-4).
87
Let s(t) = 8*t**2 - 2*t - 215. Calculate s(-14).
1381
Let a(i) = -i**3 + 18*i**2 - 84*i + 43. Calculate a(10).
3
Let w(g) = -9*g**2 + g + 2. Give w(-1).
-8
Let m(x) = -7*x**2 - 46*x + 452. What is m(7)?
-213
Let p(q) = -30*q**2 - 483*q - 54. Determine p(-16).
-6
Let t(z) = 2*z**2 + 278*z - 308. Calculate t(-140).
-28
Let h(v) = v**2 - 21*v - 128. What is h(26)?
2
Let f(x) = -167*x - 37073. Give f(-222).
1
Let b(l) = -10*l**3 + 140*l**2 + 19*l + 58. Determine b(14).
324
Let f(c) = -42*c + 1606. What is f(36)?
94
Let y(f) = -f**3 + 41*f**2 + 440*f + 480. Calculate y(50).
-20
Let w(g) = -50*g - 6037. Give w(-121).
13
Let x(t) = 735*t - 37499. Calculate x(51).
-14
Let p(a) = 5*a**3 - a + 1. What is p(1)?
5
Let n(o) = o**2 - 475*o + 3842. Give n(8).
106
Let n(d) = -2*d**3 - 176*d**2 - 172*d + 174. Determine n(-87).
0
Let k(s) = -2*s**2 - 601*s - 10668. Calculate k(-19).
29
Let v(s) = 40*s**3 - 2*s**2 + 2*s + 1. Determine v(2).
317
Let v(x) = -254*x - 2788. Determine v(-11).
6
Let b(v) = -3*v**3 - 32*v**2 - 73*v + 8. What is b(-7)?
-20
Let r(h) = h**3 + 2*h**2 + 3*h - 24. Calculate r(0).
-24
Let s(k) = -k**3 - 23*k**2 + 192*k + 67. Determine s(-29).
-455
Let w(u) = u**3 + 64*u**2 - 68*u - 237. Calculate w(-65).
-42
Let n(p) = p**2 + 66*p - 766. Determine n(-76).
-6
Let h(f) = -f**3 - 85*f**2 - 538*f + 618. Calculate h(-78).
-6
Let d(x) = -56*x**3 + 174*x**2 - 17*x + 13. Determine d(3).
16
Let v(r) = 2*r**2 - 84*r + 713. What is v(30)?
-7
Let i(g) = 1938*g + 3882. Calculate i(-2).
6
Let l(g) = g**3 - 3*g**2 - 13*g + 23. Give l(7).
128
Let n(r) = -r**3 + 22*r**2 - 66*r + 28. Calculate n(15).
613
Let p(y) = -283*y + 1671. Determine p(6).
-27
Let v(i) = i**3 - 6*i**2 + 12*i + 5. Calculate v(4).
21
Let h(y) = 3*y**3 - 59*y**2 - 140*y - 72. Determine h(22).
236
Let o(j) = 30*j - 31. What is o(11)?
299
Let k(m) = 2*m**3 + 144*m**2 + 281*m + 58. Calculate k(-70).
-12
Let x(i) = -2*i**3 - 73*i**2 + 111*i - 110. Give x(-38).
4
Le